et i = 817 - 801. Let o = -234 - -346. Calculate the highest common divisor of o and i.
16
Let z(y) = y**2 + 20*y - 1. Let s be z(-21). What is the greatest common factor of 25 and s?
5
Let j = -2096 - -2226. Suppose -43 - 113 = -3*p. Calculate the greatest common factor of p and j.
26
Let o(k) = 2*k**2 - 2*k - 53. Let y be o(9). Calculate the highest common factor of y and 91.
91
Let z = 6 - -31. Suppose s + 3*a = -1, -s = -4*s - a + z. Calculate the greatest common divisor of 84 and s.
14
Let w = -102 + 194. Let z = -14 + w. Calculate the highest common divisor of z and 52.
26
Let h be (3*1)/(30/20). Suppose -6*t - 4*s + 24 = -h*t, 3*s - 34 = -5*t. Let k be (t - 5) + (-12)/(-2). Calculate the greatest common divisor of k and 27.
9
Let g be 7 - 5 - 1/(1 - 0). Calculate the highest common factor of 2 and g.
1
Let m = 601 - 331. Calculate the highest common factor of 30 and m.
30
Suppose -8 = -6*c + 4. Let z(d) = -5*d - 1. Let v(u) = -11*u - 1. Let l(x) = 2*v(x) - 5*z(x). Let o be l(c). Calculate the highest common divisor of 99 and o.
9
Suppose 7*z - 5*z = 50. Let v be (1 + -4 - (2 + -5)) + z. What is the highest common divisor of v and 200?
25
Let b be 2/6 + (-3)/9. Let x be (-2 + b)/(-2) - -3. Suppose 3*y - i - 36 = -4*i, x*i + 37 = y. Calculate the greatest common factor of y and 136.
17
Suppose -3*o + 4*x = -184, 16*x - 12*x + 16 = 0. Let c = 6 + 1. Calculate the greatest common divisor of c and o.
7
Let k be 7/(35/(-48))*-5. Let p = 0 + k. Calculate the greatest common factor of p and 72.
24
Let s be 10/(-4) - 574/(-28). Let r be (-1 + 4/6)*-9. Suppose 0*k = -r*k + 54. Calculate the greatest common factor of k and s.
18
Let w be -5 + 5 + 52*(-18)/(-4). Let k = w - 174. Let h be (-8)/(0 + 2/(-6)). What is the highest common divisor of h and k?
12
Let k = 1587 + -1452. What is the highest common divisor of k and 5?
5
Suppose 0 = -2*y - 4, -2*y - 44 = -95*i + 91*i. Let o be 7 - (-2 - -1 - -4). Calculate the greatest common divisor of i and o.
2
Let j = -1147 - -2313. Suppose -4*p + 2*p = -j. Calculate the greatest common factor of 53 and p.
53
Let a = -20 + 13. Let z = 16 + a. Suppose z*l - 2*l - 1155 = 0. What is the greatest common factor of l and 15?
15
Let q(w) be the first derivative of -w**4/4 + w**3/3 - w**2/2 + 2*w + 4. Let n be q(-2). What is the greatest common divisor of n and 40?
8
Let h(x) be the third derivative of x**6/120 - x**5/5 + x**4/2 - 7*x**3/6 - 19*x**2. Let y be h(11). What is the highest common factor of y and 12?
4
Let p(s) = 2*s**3 - 3*s**2. Let q be p(2). Calculate the highest common divisor of q and 92.
4
Let s = -2475 - -2601. Let n be 23/3*(4 + -1). Suppose -13 = -2*m + n. What is the greatest common factor of s and m?
18
Suppose 31 = -4*r + 3. Let l be 70/(((-7)/(-2))/r). Let m be (l/(-6))/(6/9). What is the greatest common divisor of m and 14?
7
Let p = 2269 - 2225. Let o = 5 - 1. Calculate the greatest common divisor of o and p.
4
Suppose -8*v = 7*v - 90. Calculate the greatest common factor of v and 15.
3
Let k = -3 - 12. Let c(l) = l + 13. Let b be c(k). Let m be b/1 + (228 - -8). What is the highest common divisor of 26 and m?
26
Let x be 88/16 - 2/4. Suppose 5*y = 15 - x. Suppose -39 - 5 = -y*t. What is the greatest common divisor of t and 55?
11
Let n(r) = r**3 - 14*r**2 + 14*r - 5. Let u be n(13). Suppose -102 = -g - 30. What is the highest common factor of u and g?
8
Let t = 390 - 298. What is the highest common divisor of 161 and t?
23
Suppose 5*n = 718 + 2. What is the highest common factor of 54 and n?
18
Let w be -7 + 146 + 6/(-2). Let k be 42/147 + w/14. What is the greatest common factor of 5 and k?
5
Let d = 16 + -14. Suppose -d*j = -7*j + 30. Let x be 7 + j/(-2) + 4. Calculate the highest common divisor of 2 and x.
2
Let c be (-16)/12*-27 - -4. Calculate the highest common divisor of 40 and c.
40
Let z(o) = -18*o**3 + 1. Let w(j) = j - 6. Let b be w(4). Let q be z(b). Suppose -q = -4*a + 207. What is the highest common factor of 22 and a?
22
Let l(y) = y**3 + 6*y**2 - 9*y - 7. Let p be l(-7). What is the highest common factor of p and 175?
7
Suppose 4*i + 0*i = 16. Let q be (8342/26 - 1) + (-88)/(-572). Suppose -q = -i*m + 76. What is the highest common factor of m and 11?
11
Suppose -5*g + 12 = -2*g. Let l be g/10 + 212/20. Let q = 58 + -3. Calculate the highest common factor of l and q.
11
Let v = -143 + 147. What is the greatest common divisor of 144 and v?
4
Let j(a) = -307*a - 2137. Let u be j(-7). Let q be (-1)/4 + (-98)/(-8). What is the greatest common divisor of q and u?
12
Suppose 0 = -5*i + 3*i - 6. Let q be (i - -2)*1 - -22. Suppose -4*s = -q - 31. Calculate the highest common factor of 13 and s.
13
Let z = 51 - 93. Let r = -22 - z. Let q = 3 + 77. What is the highest common factor of q and r?
20
Let f(n) = n**3 + 12*n**2 + 13*n + 24. Let s be f(-11). Suppose 217 = 4*q - 5*j, s*j + 2*j + 20 = 0. Calculate the highest common divisor of 120 and q.
24
Let a be (0 - 1) + (-30)/(-6). Let j be 13 - (-3)/6*6. Suppose -3*c - 4*v = -j, -5*c - 2*v = 3*v - 30. Calculate the highest common factor of a and c.
4
Suppose -w + 146 = 4*k - 3*w, w = -3*k + 102. Suppose 2*g - 5*g = 12. Let o be (-1 - (-61)/4) + 1/g. Calculate the highest common factor of k and o.
7
Let b(s) be the second derivative of s**5/10 - s**4/4 + s**3/3 + 10*s. Let a be b(4). Let p = 23 + -15. What is the highest common divisor of p and a?
8
Let j = 58 + -56. Let t = -1 + 21. Suppose 7*d - 3*d = t. What is the highest common divisor of j and d?
1
Let y be 181 - (6 + -3)/(-2 + 1). Calculate the highest common factor of 8 and y.
8
Suppose -2*r + 360 = 16*r. Calculate the highest common factor of 380 and r.
20
Suppose -3*g - 3*x = -21, -5*x - 4 - 1 = 0. Suppose -2*o = -g*o + 480. What is the greatest common divisor of 200 and o?
40
Suppose 20 = 4*h, 2*h = -n - h + 14. Let t be ((8/5)/n)/(5/(-150)). Calculate the highest common factor of t and 12.
12
Suppose -2*v + 2*i = -70, 75 + 80 = 5*v - i. Calculate the highest common factor of 60 and v.
30
Let t = 2 - 2. Let r(s) be the first derivative of -s**3/3 - s**2/2 + 10*s + 7. Let d be r(t). Calculate the greatest common divisor of 50 and d.
10
Suppose -44*v + 2688 = -16*v. What is the highest common divisor of v and 864?
96
Let v = 644 + -585. Calculate the greatest common factor of v and 1829.
59
Suppose -3 = -5*m + 2*m. Let u be ((-3)/(-4))/(12 + (-675)/60). Let y be 68/(3 + m) - u. What is the greatest common factor of y and 112?
16
Suppose -35 - 21 = -4*a - 4*y, 0 = -5*a + 4*y + 43. Calculate the greatest common factor of 11 and a.
11
Suppose 0 = 2*f - j - 335, 8*j = 5*f + 5*j - 837. What is the highest common divisor of 24 and f?
24
Let z be 26/(-195) + 4/30. Let k be (-19)/(z/2 - 1). Suppose 4*n = k + 17. What is the highest common divisor of 81 and n?
9
Let p = -353 - -413. Calculate the greatest common divisor of p and 30.
30
Let a(m) = 74*m + 46. Let x be a(5). Let q = 111 - 59. Calculate the greatest common factor of q and x.
52
Suppose -89989 = -128*s + 24059. What is the highest common factor of 55 and s?
11
Suppose 2*v - 183 = 2*o - 53, -65 = -v + 5*o. Suppose 2*i = a + 38, 13 = 4*i - 3*a - v. Calculate the highest common divisor of i and 162.
18
Suppose 3*t - 4*t + 22 = 0. Let g = -19 + t. Suppose -29 = -g*p + 43. Calculate the highest common divisor of p and 168.
24
Suppose 9*p - 52 = 83. What is the greatest common divisor of 165 and p?
15
Let f(k) = -11*k**2 + 7 - 7*k**2 + 19*k**2 - 2 - 3*k. Let i be f(7). Calculate the greatest common divisor of i and 99.
33
Suppose 15*p + 16 = 17*p. Suppose 66 = p*i - 62. Let z be 27/4 + 4/i. What is the highest common factor of z and 28?
7
Suppose -10*s + 18 = -112. Calculate the greatest common divisor of s and 104.
13
Let w = -137 + 142. Suppose 5*c - l + 6*l - 55 = 0, c - w = -4*l. Suppose b + z = -b + 183, 4*b + z = 365. What is the highest common factor of c and b?
13
Let w(b) = b + 13. Let n(p) = p**3 + 7*p**2 + 8*p + 6. Let d be n(-6). Let z be w(d). Let u = -148 - -211. Calculate the greatest common factor of u and z.
7
Suppose i = -c + 28, -4*i + 100 = -5*c + 3*c. Calculate the highest common factor of i and 364.
26
Let m = -6565 - -10285. Calculate the highest common factor of m and 120.
120
Suppose 15*n = 18*n - 6